ite?
True
Is 869012897 composite?
False
Is 975906653 a composite number?
True
Is 257946349 a prime number?
True
Is 125863363 prime?
True
Is 35626818917 composite?
False
Is 727906057 a prime number?
True
Is 40903411 composite?
True
Is 930864271 a prime number?
True
Is 15158082953 a prime number?
False
Is 9569904797 a composite number?
False
Is 63404672099 a composite number?
False
Is 159886008417 composite?
True
Is 6337534453 prime?
True
Is 105596353879 composite?
False
Is 2440414027 composite?
False
Is 9240384173 a prime number?
False
Is 11724326321 composite?
False
Is 7426397257 prime?
True
Is 30365767127 a prime number?
False
Is 2721786503 composite?
True
Is 27885297649 a composite number?
True
Is 24130859737 a prime number?
True
Is 2977950281 a composite number?
False
Is 2595006749 a prime number?
True
Is 513760865 prime?
False
Is 28829583989 a prime number?
True
Is 3184166123 composite?
True
Is 3346398469 a prime number?
False
Is 13139728499 a composite number?
True
Is 71889441103 composite?
False
Is 400280626 a prime number?
False
Is 231919178 a prime number?
False
Is 4754178529 prime?
True
Is 1258580093 prime?
True
Is 1113716333 prime?
False
Is 10154556661 composite?
False
Is 5673663407 a prime number?
False
Is 12494014495 prime?
False
Is 2806586065 a prime number?
False
Is 256497539 a composite number?
False
Is 4410768343 a composite number?
False
Is 958901137 prime?
True
Is 59559777337 composite?
True
Is 692399173 composite?
True
Is 5428596991 prime?
False
Is 19070293399 composite?
False
Is 1920384911 a composite number?
False
Is 4280003123 prime?
False
Is 11904499283 composite?
True
Is 13502230873 composite?
True
Is 2424765331 a prime number?
False
Is 80955427559 a prime number?
True
Is 13557119 a composite number?
False
Is 12967583381 a composite number?
False
Is 638307113 prime?
True
Is 7795025993 a prime number?
True
Is 28730665685 composite?
True
Is 157910897 a prime number?
False
Is 1414819111 prime?
True
Is 1742793257 a prime number?
False
Is 1909568579 prime?
True
Is 2190863971 prime?
False
Is 116823709 a composite number?
False
Is 21380194553 prime?
True
Is 33789876343 a composite number?
True
Is 134348143 a composite number?
False
Is 163233487 a prime number?
True
Is 19187303771 a composite number?
False
Is 188853131 a composite number?
True
Is 427533791 prime?
True
Is 19346906699 prime?
False
Is 19277486971 a prime number?
False
Is 11672347619 prime?
False
Is 889408581 a composite number?
True
Is 2264721869 a composite number?
True
Is 1270016057 a composite number?
True
Is 115587977 a prime number?
False
Is 648623429 composite?
True
Is 5716802587 a composite number?
False
Is 2251235777 a composite number?
True
Is 2456250019 prime?
True
Is 7261215397 composite?
False
Is 136207933 prime?
False
Is 186479921273 a prime number?
False
Is 9951444629 a prime number?
False
Is 3858073717 prime?
False
Is 919958317 a composite number?
False
Is 7491475967 a prime number?
False
Is 13701169 composite?
True
Is 6089091539 composite?
False
Is 3431019743 a composite number?
True
Is 418797877 a composite number?
True
Is 5292393187 a prime number?
True
Is 1224201367 composite?
True
Is 5108577317 prime?
True
Is 10838424787 a prime number?
True
Is 255103027 composite?
True
Is 4137013121 prime?
False
Is 1347803705 a prime number?
False
Is 987022597 prime?
False
Is 1021200907 prime?
False
Is 540728533 a prime number?
True
Is 1705016083 composite?
False
Is 846047663 prime?
False
Is 1081596833 prime?
True
Is 154516697 prime?
True
Is 30744777499 prime?
False
Is 1770553138 a prime number?
False
Is 39070351037 a prime number?
True
Is 1632870581 composite?
True
Is 761857399 a prime number?
True
Is 16770189953 a composite number?
True
Is 168898837 a prime number?
True
Is 25182860102 composite?
True
Is 8582491 a prime number?
True
Is 2362083323 a composite number?
False
Is 408922133 a composite number?
True
Is 2091423823 a composite number?
True
Is 832121813 a composite number?
False
Is 3200625951 prime?
False
Is 363473687 a prime number?
False
Is 1528486633 a prime number?
True
Is 26411994617 a prime number?
True
Is 64790763823 a prime number?
True
Is 15987461951 a composite number?
True
Is 19683018233 composite?
False
Is 2916022699 a prime number?
False
Is 5040594107 prime?
True
Is 13286572249 composite?
False
Is 58927791043 composite?
True
Is 2425809647 composite?
False
Is 334791903 prime?
False
Is 67804067221 prime?
False
Is 503608033 prime?
True
Is 7050281597 a composite number?
False
Is 33608941417 composite?
True
Is 20653563809 prime?
False
Is 312849211 prime?
False
Is 127096271441 composite?
False
Is 292127947 a prime number?
True
Is 489851353 composite?
False
Is 2242924643 composite?
False
Is 60212290331 a composite number?
False
Is 31355326553 composite?
True
Is 336012269 composite?
False
Is 7886319289 a composite number?
False
Is 8715387287 a prime number?
True
Is 76174387651 composite?
False
Is 168448509509 composite?
True
Is 765998539 a composite number?
False
Is 6798481639 composite?
True
Is 247189395613 composite?
False
Is 64683416617 composite?
False
Is 1156557751 a prime number?
True
Is 28163628803 prime?
False
Is 1865956667 a prime number?
False
Is 466879123 composite?
True
Is 297756523 a prime number?
True
Is 43777407989 a prime number?
False
Is 7621113977 composite?
True
Is 4767870979 a composite number?
False
Is 231475033978 prime?
False
Is 1265545033 a composite number?
False
Is 6776423761 a prime number?
True
Is 31956808513 a prime number?
False
Is 41405443 composite?
True
Is 1794806822 prime?
False
Is 773241679 prime?
False
Is 5289229993 composite?
False
Is 86810700049 a prime number?
False
Is 8693578891 prime?
True
Is 4680817046 a prime number?
False
Is 1969808837 prime?
False
Is 48786373 a composite number?
False
Is 27883381441 a prime number?
True
Is 107607503 a prime number?
True
Is 47573711077 prime?
True
Is 95751731 prime?
False
Is 100908642563 composite?
True
Is 154593794 a prime number?
False
Is 4903790461 a prime number?
False
Is 3062692211 a prime number?
False
Is 463157557 a composite number?
True
Is 3968213549 composite?
False
Is 13892488921 a prime number?
True
Is 2531356507 a composite number?
True
Is 2935157531 composite?
True
Is 626169853 a composite number?
False
Is 15810220163 a composite number?
False
Is 947707003 a composite number?
False
Is 63903463633 composite?
True
Is 18127340401 a prime number?
False
Is 2549948543 prime?
False
Is 5984528321 a prime number?
True
Is 1399954139 prime?
False
Is 8451962501 a prime number?
True
Is 620424923 composite?
True
Is 6628742551 a prime number?
True
Is 1128030473 composite?
False
Is 21568808953 a composite number?
False
Is 563859251 prime?
False
Is 722797001 a prime number?
True
Is 334772909 a composite number?
False
Is 131995290589 a composite number?
False
Is 64678221353 prime?
True
Is 290083489 a prime number?
True
Is 252906743 a composite number?
False
Is 87482374601 a composite number?
False
Is 7205956721 composite?
False
Is 278524919 prime?
False
Is 4934865973 a composite number?
False
Is 11850157651 a prime number?
True
Is 203969303 prime?
True
Is 2923871441 prime?
True
Is 414712273 composite?
True
Is 96521951 a prime number?
True
Is 6182552507 prime?
True
Is 1285242458 a composite number?
True
Is 19547522909 a prime number?
False
Is 88971185947 a composite number?
True
Is 178556341 a prime number?
False
Is 968997934 prime?
False
Is 39035441 prime?
False
Is 4717296083 prime?
True
Is 395341333 prime?
False
Is 2598379549 a composite number?
True
Is 6130285699 composite?
True
Is 545438057 prime?
True
Is 210007493 a composite number?
True
Is 1271403479 prime?
True
Is 1662576601 a composite number?
True
Is 15365220329 a prime number?
True
Is 5359649423 composite?
False
Is 32042360281 a prime number?
True
Is 542790659 a prime number?
False
Is 771685034 prime?
False
Is 2683578239 prime?
True
Is 5523354371 composite?
False
Is 15455351917 a composite number?
False
Is 2160667891 prime?
False
Is 19693198439 a prime number?
True
Is 5465267861 a composite number?
True
Is 288056827 a prime number?
True
Is 7695994429 a prime number?
False
Is 7708210799 a composite number?
True
Is 3126086133 a prime number?
False
Is 188867492117 composite?
True
Is 3128188573 a prime number?
Tru